t of 855204?
0
What is the units digit of 71063?
3
What is the ten thousands digit of 518532?
1
What is the ten thousands digit of 13126359?
2
What is the hundreds digit of 80788?
7
What is the ten thousands digit of 3978905?
7
What is the units digit of 38944?
4
What is the thousands digit of 279008?
9
What is the units digit of 3373884?
4
What is the units digit of 9188026?
6
What is the hundreds digit of 12043874?
8
What is the hundreds digit of 415097?
0
What is the tens digit of 859138?
3
What is the tens digit of 905119?
1
What is the tens digit of 24551501?
0
What is the hundred thousands digit of 3263688?
2
What is the ten thousands digit of 261693?
6
What is the ten thousands digit of 3616866?
1
What is the ten thousands digit of 186982?
8
What is the hundred thousands digit of 15660660?
6
What is the units digit of 7222585?
5
What is the thousands digit of 2305197?
5
What is the hundred thousands digit of 597062?
5
What is the hundreds digit of 20310?
3
What is the hundred thousands digit of 172558?
1
What is the units digit of 26425474?
4
What is the units digit of 149945?
5
What is the tens digit of 10113669?
6
What is the ten thousands digit of 218990?
1
What is the ten thousands digit of 8642023?
4
What is the tens digit of 1013084?
8
What is the thousands digit of 7960201?
0
What is the units digit of 129118?
8
What is the units digit of 3031156?
6
What is the thousands digit of 5074484?
4
What is the hundred thousands digit of 9140915?
1
What is the ten thousands digit of 302696?
0
What is the ten thousands digit of 4627237?
2
What is the units digit of 2535486?
6
What is the thousands digit of 8485289?
5
What is the hundreds digit of 5092190?
1
What is the ten thousands digit of 372731?
7
What is the ten thousands digit of 1051438?
5
What is the units digit of 269575?
5
What is the ten thousands digit of 506216?
0
What is the tens digit of 1973081?
8
What is the ten thousands digit of 336530?
3
What is the hundred thousands digit of 2451355?
4
What is the thousands digit of 455799?
5
What is the hundreds digit of 3010332?
3
What is the hundreds digit of 3302942?
9
What is the millions digit of 8099271?
8
What is the thousands digit of 5322135?
2
What is the thousands digit of 15495?
5
What is the ten thousands digit of 3326267?
2
What is the units digit of 14628790?
0
What is the ten thousands digit of 2098652?
9
What is the units digit of 73862?
2
What is the ten thousands digit of 1261065?
6
What is the hundred thousands digit of 7242561?
2
What is the hundred thousands digit of 301326?
3
What is the units digit of 4167367?
7
What is the hundreds digit of 1464085?
0
What is the thousands digit of 734307?
4
What is the thousands digit of 2629328?
9
What is the ten thousands digit of 483323?
8
What is the hundreds digit of 2012949?
9
What is the thousands digit of 359047?
9
What is the hundred thousands digit of 9761748?
7
What is the millions digit of 5205452?
5
What is the thousands digit of 1219235?
9
What is the hundred thousands digit of 207796?
2
What is the thousands digit of 290670?
0
What is the tens digit of 33039795?
9
What is the thousands digit of 263604?
3
What is the hundreds digit of 1093124?
1
What is the thousands digit of 795910?
5
What is the tens digit of 214291?
9
What is the units digit of 461880?
0
What is the hundred thousands digit of 1578978?
5
What is the hundred thousands digit of 459019?
4
What is the hundred thousands digit of 2295745?
2
What is the ten thousands digit of 639705?
3
What is the hundreds digit of 425613?
6
What is the ten thousands digit of 5081943?
8
What is the thousands digit of 260131?
0
What is the tens digit of 432940?
4
What is the thousands digit of 6567556?
7
What is the thousands digit of 3341991?
1
What is the thousands digit of 492949?
2
What is the units digit of 1811601?
1
What is the tens digit of 10180?
8
What is the hundreds digit of 24236029?
0
What is the millions digit of 3153943?
3
What is the hundred thousands digit of 577243?
5
What is the hundreds digit of 652944?
9
What is the ten thousands digit of 459625?
5
What is the hundred thousands digit of 207949?
2
What is the units digit of 411497?
7
What is the hundred thousands digit of 688956?
6
What is the tens digit of 285666?
6
What is the tens digit of 2926187?
8
What is the hundreds digit of 199515?
5
What is the ten thousands digit of 5543624?
4
What is the hundred thousands digit of 996494?
9
What is the hundred thousands digit of 1344214?
3
What is the millions digit of 7330222?
7
What is the hundred thousands digit of 966119?
9
What is the hundred thousands digit of 635911?
6
What is the ten thousands digit of 499558?
9
What is the hundreds digit of 584247?
2
What is the thousands digit of 3477692?
7
What is the tens digit of 82442?
4
What is the units digit of 5107827?
7
What is the ten thousands digit of 605302?
0
What is the hundred thousands digit of 11246273?
2
What is the tens digit of 17171?
7
What is the units digit of 912451?
1
What is the tens digit of 1544424?
2
What is the ten thousands digit of 762793?
6
What is the units digit of 453665?
5
What is the hundreds digit of 3297952?
9
What is the millions digit of 1456109?
1
What is the tens digit of 751908?
0
What is the hundred thousands digit of 245354?
2
What is the ten thousands digit of 414940?
1
What is the ten millions digit of 10682079?
1
What is the hundreds digit of 560937?
9
What is the ten thousands digit of 3101760?
0
What is the thousands digit of 1260473?
0
What is the thousands digit of 187355?
7
What is the hundred thousands digit of 633432?
6
What is the thousands digit of 41553276?
3
What is the millions digit of 4266394?
4
What is the units digit of 1552531?
1
What is the units digit of 3868177?
7
What is the hundreds digit of 293862?
8
What is the ten thousands digit of 4679451?
7
What is the hundred thousands digit of 350985?
3
What is the hundreds digit of 1015142?
1
What is the thousands digit of 11954319?
4
What is the hundreds digit of 722770?
7
What is the hundred thousands digit of 132454?
1
What is the units digit of 530665?
5
What is the hundred thousands digit of 127410?
1
What is the tens digit of 250673?
7
What is the thousands digit of 732721?
2
What is the millions digit of 9190396?
9
What is the units digit of 4204183?
3
What is the hundred thousands digit of 12290196?
2
What is the thousands digit of 185494?
5
What is the tens digit of 4642936?
3
What is the hundreds digit of 2347096?
0
What is the hundreds digit of 339974?
9
What is the thousands digit of 783213?
3
What is the units digit of 35581?
1
What is the units digit of 942667?
7
What is the ten thousands digit of 1634717?
3
What is the tens digit of 4617829?
2
What is the ten thousands digit of 7626224?
2
What is the thousands digit of 90228?
0
What is the hundred thousands digit of 122079?
1
What is the units digit of 3954403?
3
What is the ten thousands digit of 669565?
6
What is the ten thousands digit of 35098?
3
What is the hundreds digit of 595701?
7
What is the thousands digit of 38348138?
8
What is the thousands digit of 628932?
8
What is the hundreds digit of 212129?
1
What is the ten thousands digit of 549527?
4
What is the ten thousands digit of 317238?
1
What is the ten thousands digit of 3027726?
2
What is the units digit of 398162?
2
What is the hundred thousands digit of 3085998?
0
What is the tens digit of 131791?
9
What is the tens digit of 1457898?
9
What is the hundred thousands digit of 1136354?
1
What is the millions digit of 21649832?
1
What is the tens digit of 25612900?
0
What is the millions digit of 2128381?
2
What is the units digit of 1333070?
0
What is the hundred thousands digit of 154797?
1
What is the hundreds digit of 1390843?
8
What is the hundreds digit of 705239?
2
What is the thousands digit of 4746869?
6
What is the units digit of 924224?
4
What is the hundreds digit of 530945?
9
What is the units digit of 2184064?
4
What is the hundreds digit of 1523786?
7
What is the tens digit of 973380?
8
What is the millions digit of 4225156?
4
What is the ten millions digit of 12287266?
1
What is the hundred thousands digit of 673235?
6
What is the hundreds digit of 14137994?
9
What is the hundred thousands digit of